u - 1. Let d(h) = -3*h**3 + 15*h**2 - 32*h - 2. Let v(j) = -4*d(j) + 11*r(j). Calculate v(-4).
1
Let f(v) = -v**2 - 5*v + 5. Let m(z) = 3*z + 5. Let u be m(-8). Let a = -16 - u. Suppose 7*k - a*k = -24. What is f(k)?
-1
Let t(m) be the second derivative of -m**4/12 - 5*m**3/6 - m**2/2 - 2*m. Let f(u) = -u**2 - 39*u - 176. Let o be f(-34). Determine t(o).
-7
Let k(f) = -2*f - 5. Let b(c) = 4*c + 10. Let m(g) = -2*b(g) - 5*k(g). Let p be 15/40 - -2*177/(-48). What is m(p)?
-9
Let h(y) = 3*y + 6. Let f(v) = 2*v + 6. Let a(n) = -3*f(n) + 4*h(n). Give a(-2).
-6
Let m(b) be the third derivative of -b**4/8 + 5*b**3 - 166*b**2. Calculate m(8).
6
Let r be (40/18 - (-2)/(-9)) + 0. Let j(a) be the first derivative of a**2/2 - 20. Calculate j(r).
2
Let t = -14 + 20. Suppose -v = -3*d - 17, 2*v + 5*d + 31 = 5*v. Let s(z) = -2*z**2 - z**3 + 9*z**v - z**2. What is s(t)?
0
Let y(c) = -17*c - 1. Let x(t) = -3 - 5*t + 9 + 26 - 1. Let l be x(6). Calculate y(l).
-18
Let v(o) = 13*o - 3. Let q be ((-3)/(-2))/3*-6. Let a(p) = -14*p + 4. Let k(y) = q*v(y) - 2*a(y). Calculate k(-1).
12
Let l(j) = j**3 + 10*j**2 + 10*j + 7. Let m be 4/(-6) + (-50)/6. Let g be l(m). Let v(x) = x**3 - 4*x - 3. Determine v(g).
-3
Let m(h) = -h**3 - 8*h**2 - 9*h - 6. Let v = -11 + 13. Suppose v*o - 8*o + 126 = 0. Let p be 4/6*o/(-2). Calculate m(p).
8
Let u(l) = 3*l**3 + 21*l**2 - 3*l - 16. Let d be u(-7). Let f(g) = g**3 - 6*g**2 + 5*g + 2. What is f(d)?
2
Let c be (4/(-12))/((-1)/15). Let x(s) = -49*s - 5. Let t(n) = 86*n + 8. Let u(m) = -4*t(m) - 7*x(m). Determine u(c).
-2
Let g(n) be the second derivative of n**3/2 + n**2 - n. Let f(a) = 3*a - 4. Let v be f(4). Suppose v*o = -4*o + 24. What is g(o)?
8
Suppose -102 = -3*u - a, -2*a = 3*u - 3*a - 108. Suppose 0 = 3*d + 2*d - 5*h - u, 3*d - 13 = h. Let w(r) = r**2 + 14 - 11 - r**d + 0*r**3. Calculate w(0).
3
Let r be (-3)/((3 - 6)/(16/1)). Suppose -5*u + 4 + r = 0. Let t(y) = y**3 - 4*y**2 + 2*y - 2. Determine t(u).
6
Suppose 0 = -2*a - 8, 3*q - q = 4*a - 6. Let h = q - -8. Let d(c) = -5*c - 7. Let p(r) = 22*r + 30. Let s(y) = 26*d(y) + 6*p(y). What is s(h)?
-8
Let b(q) = -q**3 + 8*q**2 - 7*q. Let d be (-54)/9 + 1 + 12. What is b(d)?
0
Let o(p) = 6*p**2 - p - 6. Let s(z) = -5*z**2 + z + 5. Let g(l) = -6*o(l) - 7*s(l). Let f(m) = 4*m**2 + 7*m - 1. Let c(r) = -f(r) - 3*g(r). What is c(-5)?
-7
Let w(q) = 4*q**3 - 4 + 3*q - 4*q**2 + 5*q + 1. Let b(p) = -7*p**3 + 9*p**2 - 15*p + 7. Suppose 5*y + 10*y = 75. Let z(o) = y*w(o) + 3*b(o). Calculate z(6).
12
Let c(a) = -5*a + 12. Let w be 16*(20/5)/8 + -4. What is c(w)?
-8
Let t(b) = 1. Let f(h) = -6*h + 4. Let c(a) = f(a) - 3*t(a). Suppose -2*u - 16 = 2*u - 3*i, 5*i = 20. Give c(u).
7
Suppose 72*k + 357 = 21*k. Let f(n) = n**3 + 5*n**2 - 14*n - 2. What is f(k)?
-2
Suppose 12*l - 72 = 8*l. Let v(y) = -y + 1. Let r(j) = -17*j + 20. Let o(q) = 35*q - 41. Let k(x) = -2*o(x) - 5*r(x). Let p(b) = l*v(b) + k(b). Give p(-3).
9
Let o = 53 - 54. Let t be 2 - 4*(-2 - o). Let q(z) = -z + 3. Determine q(t).
-3
Let p(k) = -k**3 - 6*k**2 - 1. Let l(n) = -n**2 + 3*n + 16. Let j be l(8). Let z = j + 18. What is p(z)?
-1
Suppose -5*c + 20 = -c. Let z(d) = -2 - 2*d + c*d + 0*d - d + d**2. Calculate z(-5).
13
Let p(j) = -2*j**3 - 16*j**2 - 11*j + 19. Let v be p(-7). Let w(y) = -y**3 + y**2 + 5*y + 5. Determine w(v).
7
Let r(a) = -a**2 - a + 6. Suppose 0*g + 5 = g - 5*l, -3 = g + 3*l. Give r(g).
6
Let t(d) = 199*d - 62*d - 70*d - 63*d. Determine t(2).
8
Let b(t) = 2*t**3 + 8*t**2 - 2*t - 4. Let l(i) = 3*i**3 + 15*i**2 - 3*i - 7. Let d(z) = -5*b(z) + 3*l(z). Let m = -381 - -386. Give d(m).
4
Let x(c) = -c**2 + 6*c + 4. Suppose -8*a = -9*a - 3*l + 18, -3*a - 4*l + 34 = 0. What is x(a)?
4
Suppose -4*f = 4*f + 3*f. Let t(o) = o**2 - o + 39. What is t(f)?
39
Let d(l) = l**3 + 7*l**2 + 2. Let c = 1240 - 1247. Determine d(c).
2
Let t(b) = -b**2 - 17*b + 21. Suppose 36 = -2*i - 4*m, 4*i + 14*m = 13*m - 72. What is t(i)?
3
Let q(l) = -2*l + 8. Let h be 148/28 - 4/14. Suppose r - 9 = h*j, 2*j - 2 = 4. Suppose 2*c = -2*c + r. Give q(c).
-4
Let j(s) = -s**3 + 6*s**2 - 6*s + 6. Let d(r) = 13 - 3*r - r + 0*r + 3*r. Let c be d(8). Suppose -c*n + 16 = -9. Determine j(n).
1
Suppose 3*b - 4*b - 2 = 0. Let s(a) = -a**2 + 33*a - 1 - 2*a**3 - a**2 - 34*a. Determine s(b).
9
Let i(s) = s**3 - 4*s + 5. Suppose c + 2*v - 6 = 2, -v = -4*c + 5. Give i(c).
5
Let d(j) be the second derivative of 7*j**3/6 + 7*j**2/2 - j. Let n(p) = -p - 1. Let f(m) = d(m) + 6*n(m). Let i be (-6 + 9)*((-6)/3)/2. Give f(i).
-2
Let x(w) = 1271*w**3 - 1237*w**3 - 30*w + 31*w. Calculate x(-1).
-35
Suppose -6*n + 3 = -27. Let i(b) = -4*b**2 - 11*b + 15. Let h(t) = 5*t**2 + 11*t - 16. Let p(y) = n*h(y) + 6*i(y). Calculate p(9).
-8
Let h(j) = -303 - 2*j - j**2 + 644 - 337. Let y(q) be the third derivative of q**6/120 - q**5/20 - q**4/24 - q**2. Let v be y(3). Give h(v).
1
Let l(b) = 3*b - 3. Let y(c) = 65 - 106 - 10*c + 51. Let n(t) = -21*l(t) - 6*y(t). What is n(2)?
-3
Let a(o) = -o**3 - o. Suppose -5*s + 4 + 16 = 0. Suppose -s*m + 4*x = -x - 10, 4*m - 4 = 2*x. What is a(m)?
0
Let i(m) = 5*m**3 + 2*m**2 - 5*m - 1 - 3*m - 5*m + 11*m. Give i(-2).
-29
Let k(c) = -4*c + 1 + 5*c + 11*c**2 + 18*c**2. Give k(-1).
29
Let l = -2 + 2. Suppose h - 2*h - 6 = l. Let n(m) be the second derivative of m**5/20 + 7*m**4/12 + 2*m**3/3 - m**2 + 5*m + 11. Calculate n(h).
10
Let r(t) = 64*t + 8. Let n(p) = 45*p + 6. Let z(u) = -10*n(u) + 7*r(u). Let d = -2 - 3. Give z(d).
6
Let a(j) = j**2 - 3*j - 50. Let y be a(10). Suppose 5*z = -5*q + y, q + 3*q - 6 = -2*z. Let u(d) = -3*d + 3. Give u(z).
-12
Suppose -3*w = -6*w - 3. Let q(z) be the second derivative of 0 - 1/2*z**2 - 4/3*z**3 - 14*z. Determine q(w).
7
Let d(h) = -65*h**3 - h**2 + 3*h + 3. Let c be d(-1). Let w(l) = 1 - 32*l - 29*l + c*l. Give w(-2).
-5
Let b(h) = -h**3 + 2*h**2 - 67*h - 3 - 8*h**2 + 129*h - 69*h. Determine b(-4).
-7
Let a(m) = -3*m - 3. Suppose -r + 2*z = -z - 4, 10 = -5*z. Let l be a(r). Let f(n) be the first derivative of n**4/4 - 5*n**3/3 + 5*n**2/2 - 3*n + 3. Give f(l).
-6
Let v(f) = -f**3 - 7*f**2 - 3*f + 12. Suppose 0 = 2*o + 3*n - 12, -2*o + 3*n + 2*n + 12 = 0. Let c = o - 12. Let k be v(c). Let l(q) = -q - 7. Give l(k).
-1
Let z = 12 + -9. Suppose -z*a + 1 = -5. Let d(q) = q - 3*q - a*q + 0*q. Determine d(1).
-4
Suppose 331*g - 328*g + 39 = 0. Let l(c) = -c**3 - 13*c**2 - 3*c - 33. Calculate l(g).
6
Let t(q) = 114*q + 20 - 50*q - 60*q. Determine t(-5).
0
Let v(c) = -10*c - 7. Let d(w) = -11*w - 8. Let z(o) = -6*d(o) + 7*v(o). Suppose -3*x + 5*x + 16 = -3*r, -3*x = 4*r + 26. Let k = x - -9. Give z(k).
19
Let x = -313 - -306. Let i(j) = j**2 + 6*j - 3. What is i(x)?
4
Let r(f) = -f**2 + 9*f - 8. Suppose 28 = 3*u - v, -12 = u - 5*u - 5*v. Give r(u).
0
Let p(c) be the third derivative of c**6/120 - c**5/30 + c**4/24 - 5*c**3/6 + 16*c**2 - 9. Give p(3).
7
Let c(m) be the second derivative of -1/2*m**3 + 0 + 0*m**2 - 3*m. Let z(a) = 2*a - 26. Let b be z(12). Determine c(b).
6
Let j(m) = m - 10. Let p(x) = -x**2 + x + 38. Let a be p(6). Give j(a).
-2
Let m(j) = -3*j - 40. Let b be m(-14). Let a(i) = -6*i**b + 5*i**2 - 3 + i - 4*i - 2*i. Suppose 18 = -c - 2*t + 5*t, -5*c = -5*t + 40. Determine a(c).
3
Let d(s) = -10*s**2 + 18*s**2 - s**3 - 14*s**2 - 3*s**2 + 1. What is d(-9)?
1
Let a(x) = x**2 - 4*x - 1. Let g be (561/22)/(1/2). Let j = -25 + g. Let z = j - 22. Determine a(z).
-1
Let o(c) = -111*c + 446. Let j be o(4). Let q be -1*12/(-1 + 3). Let v(b) = -b - 1. Let h(t) = -4*t - 6. Let p(k) = q*v(k) + h(k). Calculate p(j).
4
Let u be (2 - 6 - 100/(-16))*4. Let p(q) = q**2 - 9*q + 3. What is p(u)?
3
Let u(j) = 7*j - 7. Let l(f) = 1. Let d(y) = 3*y**2 + 15*y + 3. Let v be d(-5). Let h(s) = v*l(s) + u(s). What is h(4)?
24
Let g(t) = -t**2 + t + 8. Let c(y) = 63*y + 376. Let a be c(-6). Give g(a).
2
Let s(x) = x**3 + 4*x**2 - 15*x - 27. Let o be s(-6). Let i(m) = m + 2. Give i(o).
-7
Let g = -244 + 250. Let l(u) = u**2 - 4*u - 5. Calculate l(g).
7
Let b(o) = o - o**2 - 91 - 3*o - 6*o + 92. Determine b(-8).
1
Let i(l) = -24*l**3 + 13*l**2 - 16*l + 4. Let y(u) = -13*u**3 + 7*u**2 - 9*u + 2. Let q(n) = 6*i(n) - 11*y(n). Determine q(3).
-7
Let g(m) = m**2 - 2*m - 6. Let k(c) = -2*c**2 + 4*c + 15. Let d(o) = -5*g(o) - 2*k(o)